400 - -1506. What is the greatest common factor of 1802 and l?
106
Let r(o) = 2*o**2 - 12*o + 28. Let t be r(7). Calculate the greatest common divisor of 21 and t.
21
Let i = -300 - -351. Calculate the greatest common factor of 85 and i.
17
Let j = 8 + 5. Suppose 0 = -5*g + 2*w + 520, 0 = g - 0*w - 5*w - 104. What is the highest common factor of g and j?
13
Let x be (5 - 3)*2 + 4. Suppose -a + 46 = 4*h, 2*h - 2*a - 7 - 21 = 0. What is the highest common factor of x and h?
4
Suppose -2*l + 4*l = 0, -4*a + 2*l + 44 = 0. Suppose -16 = 4*o, 5*o + 87 = 4*u - 81. Let b = -26 + u. Calculate the highest common divisor of b and a.
11
Suppose 0 = -4*f + 2*u + 24, 9*f = 4*f - 5*u. Suppose f*p - 32 = -i, -2*p = 3*i - 4 - 62. What is the highest common factor of i and 15?
5
Let x(c) = c**2 - 23*c - 8. Let w be x(25). What is the highest common divisor of w and 105?
21
Let x = -65 - -75. Suppose 110 = -x*f + 710. Calculate the greatest common divisor of 12 and f.
12
Let c = 2 + -2. Suppose c*v = -3*v + 21. Suppose 4*i - 65 = 3*f, 4*i - i - f = 45. Calculate the highest common divisor of i and v.
7
Let p = 96 - 75. Let f = p - 14. What is the greatest common divisor of 91 and f?
7
Suppose -n = -5*n + 2*k + 684, -5*k = 4*n - 656. What is the greatest common divisor of n and 13?
13
Let j be 0 + 2 - 3 - 1. Let u(i) = -3*i**2 + 7*i - 12. Let m be u(2). Let k be (-25)/j + (-5)/m. Calculate the greatest common divisor of k and 65.
13
Suppose 9*c - 1617 = -24*c. Calculate the greatest common divisor of 637 and c.
49
Let h = -16 - -37. Let d(v) = 25*v. Let g be d(1). Suppose -5*k - 4*y + 64 + 26 = 0, 5*y = g. What is the greatest common factor of h and k?
7
Let h be 10*(2 + 0/(-1)). Let q(l) = -l**3 + 6*l**2 - 4*l + 29. Let m be q(6). Calculate the greatest common divisor of h and m.
5
Let d be 33/(-9) + 1/(-3). Let b(p) = -p**2 - 6*p - 5. Let z be b(d). Suppose 0*w = -z*w + 24. What is the greatest common divisor of 88 and w?
8
Suppose h + 5*t - 11 = 0, 0*t = h + 4*t - 9. Suppose 5*l - 763 = 82. Suppose 6*b - l = -h. Calculate the highest common factor of 56 and b.
28
Suppose -4*q = -0*q - 500. Suppose 5*r + 3*t - q = 0, 4*r = r + 2*t + 56. Let w be (12/(-2))/(6/(-88)). What is the greatest common factor of w and r?
22
Let c(m) = m**2 + 11*m - 1. Let p = -12 + 1. Let f be c(p). Let v be f - (-2 + -11*9). Calculate the highest common divisor of 20 and v.
20
Suppose 3*u - 5*r - 30 = 10, 2*u + 2*r - 48 = 0. Calculate the greatest common divisor of u and 85.
5
Suppose 5*y - 126 = 99. Suppose -31*f + y = -26*f. What is the highest common factor of 27 and f?
9
Let u be (28/5)/((-64)/(-2560)). What is the greatest common factor of u and 140?
28
Suppose -887 = -12*o - 23. Calculate the greatest common factor of 9 and o.
9
Let i(n) = -18*n - 2. Let g be i(1). Let r = g - -22. What is the highest common divisor of r and 18?
2
Let d be 3/12 - (-10)/(-8). Let z be (-438)/(-24) + -5 + d/4. Calculate the highest common factor of z and 39.
13
Suppose 0 = -z + 2*z - 9. Let y be (10 - 16) + -30*2/(-4). What is the highest common divisor of z and y?
9
Let v(m) = 16*m**2 + 2*m - 17. Let z be v(4). Calculate the highest common divisor of z and 38.
19
Let h be (-3)/9*3*-166. Suppose -h + 26 = -5*l. Calculate the greatest common factor of 308 and l.
28
Suppose -3*p = 3*b - 123, -b + 3*p + 15 + 18 = 0. Calculate the highest common factor of 104 and b.
13
Let c(m) = m - 2. Let d be c(7). Let k = 1244 + -656. Suppose -k = -x - d*x. What is the highest common factor of 14 and x?
14
Let l = 54 + -52. Let r = 859 + -494. Suppose -l*y - 145 = -r. What is the highest common divisor of 22 and y?
22
Suppose -213*z - 2106 = -219*z. Calculate the highest common divisor of 81 and z.
27
Let x be 205 - (-8)/12*-6. Let d = x - 106. Suppose 0*b = w + 2*b - 17, 4*w - 3*b = 79. What is the highest common factor of d and w?
19
Suppose b - 180 = 2*h, 2*b - 3*h = -164 + 522. What is the highest common factor of 22 and b?
22
Suppose z = 6*z - 50. Let x(p) = -11 + 3*p - 3*p + 2*p + 0*p. Let y be x(8). What is the greatest common divisor of y and z?
5
Let a be -39 + 992 - (-6 - 2). Calculate the greatest common divisor of a and 31.
31
Let j be (20/8)/(2/(-8)). Let o(d) = -d**3 - 9*d**2 + 12*d + 13. Let f be o(j). Let b = f - -39. Calculate the greatest common factor of b and 16.
16
Suppose 0*t - 88 = -3*t - 4*l, 4*t = -3*l + 115. Let b be (-8)/(-3)*(-210)/(-20). Let n = b + -21. What is the highest common factor of n and t?
7
Let s(f) = 2*f - 5. Let q be (-16 - -13)*(-5)/3. Let x be s(q). Calculate the greatest common factor of x and 15.
5
Let p be (-12)/(-72) + (-389)/(-6). What is the greatest common factor of p and 117?
13
Let k(h) = h**3 - 13*h**2 + 2*h - 5. Let p = 4 + 9. Let q be k(p). What is the greatest common factor of q and 21?
21
Suppose 2*s = 5*z - 92, -3*z = -s + 6*s - 49. Calculate the greatest common factor of 171 and z.
9
Let f(o) = o**2 - 2*o - 77. Let i be f(14). What is the highest common divisor of i and 14?
7
Suppose x = 3*n - 172, 192 + 84 = 5*n + x. Suppose 135*o = 138*o - 21. Calculate the highest common factor of o and n.
7
Suppose 0 = x - 11*x + 200. Let l(y) = y**2 - 9*y + 16. Let n be l(8). What is the greatest common factor of x and n?
4
Suppose -2*s = 4*k - 222, 0 = -3*s + 4*k + 29 + 344. What is the highest common factor of 2 and s?
1
Let s = 51 - 126. Let p = -65 - s. What is the greatest common factor of p and 70?
10
Suppose -3*x - 8 - 4 = 0. Let j(l) = l**2 + 6*l + 10. Let h be j(x). Let t(g) = g - 1. Let p be t(5). Calculate the highest common divisor of h and p.
2
Let y(f) = 116*f - 80. Let i(z) = 13*z - 9. Let t(a) = -52*i(a) + 6*y(a). Let n be t(6). What is the highest common factor of n and 12?
12
Let i = 199 + -427. Let v = -162 - i. What is the greatest common divisor of 6 and v?
6
Let c(n) = n**3 + 62*n**2 - 87*n - 160. Let w be c(-63). What is the greatest common divisor of w and 104?
104
Suppose 3*k = -5*k + 336. Calculate the highest common divisor of k and 448.
14
Let q(w) = 10*w - 1. Let n(h) = -11*h + 2. Let c(i) = 4*n(i) + 5*q(i). Let b be c(6). Calculate the highest common factor of 312 and b.
39
Suppose 2*d = -5*m + 37, -25 = -m + 2*d + 2*d. Let a(f) = f**3 - f + 63. Suppose 0*i = -i. Let c be a(i). Calculate the greatest common divisor of m and c.
9
Let p(z) = -z**2 + 32*z - 100. Let v be p(26). Calculate the greatest common divisor of v and 896.
56
Suppose 1260 = 24*v - 852. Let f(i) = i**2 - 3*i + 4. Let k be f(6). What is the highest common factor of v and k?
22
Let d be (-4)/(-8)*0/1. Suppose d*a - 8 = -2*a, -a + 729 = 5*x. Let v = 208 - x. Calculate the greatest common divisor of v and 9.
9
Let a(m) = 3*m**2 - 6*m - 11. Let d be a(11). What is the greatest common divisor of 52 and d?
26
Let q(t) be the first derivative of t**4/4 - t**3 + t**2 + 4*t + 1. Let v be q(4). Suppose -4*j = -0*j - v. What is the highest common divisor of j and 21?
7
Suppose 10*r - 297 = -3*v + 5*r, -4*r = 2*v - 198. What is the greatest common factor of v and 44?
11
Let p be (4/3)/(3/(-378)*-7). Calculate the greatest common factor of p and 21.
3
Suppose 42*d - 374 = 40*d - 2*x, -4*x = -4*d + 788. Calculate the greatest common factor of d and 4.
4
Let q be (-8*1/(-10))/((-5)/(-375)). Calculate the greatest common divisor of q and 20.
20
Suppose 3*y + 54 - 278 = j, 3*y - 230 = 4*j. Calculate the highest common factor of y and 2.
2
Let t(y) = y**2 - 15*y - 64. Let g be t(19). What is the greatest common divisor of g and 132?
12
Let j = -108 - -248. Let c = 79 - 51. What is the highest common divisor of j and c?
28
Let u = 153 - -51. Let p = u - 132. What is the highest common factor of 16 and p?
8
Suppose 59 = 4*k - 37. Suppose -5*c + 4*t + 41 = 0, 4*t = -k + 8. Suppose w = 16 - c. What is the highest common divisor of 33 and w?
11
Let y = 160 - -72. What is the greatest common divisor of 29 and y?
29
Suppose -5*z + 6*k + 450 = 2*k, -4*z + 3*k = -360. Calculate the greatest common factor of 2 and z.
2
Let l be (-126)/10*(2 - 7). Let k = -317 - -187. Let q be k/(-18) - (-8)/(-36). What is the highest common divisor of q and l?
7
Let h be (4/5 - 0)*5. Suppose 1346 = 18*d - 8680. Suppose h*c - d = 5*k, 2*c = 7*c - k - 712. Calculate the highest common divisor of 13 and c.
13
Sup